 4*b + 4*n, 58 = b + 2*n + 2*n. Suppose b - 134 = -6*t. Suppose 95 = j + t. What is the units digit of j?
9
Let t(o) = 7*o - 8. Let f(w) = -6*w + 8. Let r(y) = 6*f(y) + 5*t(y). Suppose 3*u - u = 0. What is the units digit of r(u)?
8
What is the tens digit of -4*(-4)/(-72) + (-18092)/(-9)?
1
Let r = 84 - 59. Let s be 120/12 + (-6 - -2). Suppose b - r + s = 0. What is the tens digit of b?
1
Let p(z) = 6*z**2 - 5*z + 4. Let a(x) = -4*x**3 + 2*x + 1. Let d be a(-1). What is the units digit of p(d)?
3
Let b = 31 + -29. What is the units digit of b?
2
Let d(u) = 54*u + 87. What is the hundreds digit of d(5)?
3
Let b(w) = -478*w + 778. What is the hundreds digit of b(-7)?
1
What is the tens digit of (48/(-27))/(-8) - (-1884)/27?
7
Suppose -21*s = 6*g - 17*s - 13360, 0 = -4*g + 4*s + 8880. What is the thousands digit of g?
2
Let w = -45 + 45. Suppose d = -s - w*s + 15, 3*s - 49 = -2*d. What is the tens digit of s?
1
Suppose -2*h = -293 - 145. Suppose -117 - h = -4*u. What is the units digit of u?
4
Suppose w - 36 = -f, -2*f + 30 + 44 = 4*w. Let p = -11 + f. What is the tens digit of p?
2
Suppose -4*n = -47 + 27. Suppose n = -3*r - 2*r, 1 = 2*v + 3*r. What is the units digit of v?
2
Let o(y) = 3*y**3 - 7*y**2 + y - 21. What is the tens digit of o(6)?
8
Let y(m) = m**2 + 18*m + 6. Let p be y(-18). What is the units digit of (0 + (-292)/p)*48/(-32)?
3
Let i(l) = 2*l - 50. Let j be i(25). What is the hundreds digit of 232 + (-1 + 1 - j)?
2
Let d(q) be the third derivative of -2*q**2 + 0 + 0*q**4 - 1/120*q**6 + 1/60*q**5 + 0*q + 14/3*q**3. What is the tens digit of d(0)?
2
Suppose 19*q + 21010 = 41*q. What is the units digit of q?
5
Let x = 40 + -25. Suppose -5*n + x = 0, 6*n + 33 = w + 2*n. What is the tens digit of w?
4
Suppose 104 + 36 = 4*w. Suppose -34*y + w*y - 18 = 0. What is the units digit of y?
8
Let w = -17 + 30. Suppose -16*n = -w*n. Suppose n*v = -2*v + 106. What is the units digit of v?
3
Suppose -212 = -2*r + 120. Suppose 0 = -2*z + r + 184. What is the hundreds digit of z?
1
Let a be 2 + (8 - 3) + -3. Suppose g = -5*k - 4, -a*g + 5*k = -12 + 3. What is the units digit of -14 + 10 - g*-13?
9
Let z be -10 + 9 + -1 + -2. Let m = z - -1. What is the units digit of m - -5 - (1 - 53)?
4
Let n(s) be the second derivative of 3*s**4/2 - s**3/3 - s**2 - 15*s. What is the tens digit of n(-2)?
7
Let r = -5 + 12. Let q(v) = 2*v - 21. Let x be q(r). Let f(i) = -6*i + 1. What is the tens digit of f(x)?
4
Let f be (-332)/(-36) - 3 - 4/18. What is the units digit of (f - 3)*(-4)/(-6)?
2
Suppose 0 = 7*y - 11*y, 3*v - 1980 = -4*y. What is the hundreds digit of v?
6
Suppose c - 379 = 1521. What is the hundreds digit of c?
9
Let x = 52 + -32. Suppose 0 = x*l - 21*l + 68. What is the units digit of l?
8
What is the tens digit of 3674/(25/(-10)*-2 + -3)?
3
Let i be -1*(1 - -6 - -3). Let s(d) = -12*d + 13 - d**3 + 13*d + 2*d**3 + 10*d**2. What is the units digit of s(i)?
3
Let u(d) = 5*d**3 + 50*d**2 - 2*d + 7. What is the thousands digit of u(5)?
1
What is the thousands digit of 5 - ((-22790)/4 - 1/(-2))?
5
Let z(h) = 25*h + 47*h - 12*h - 3. What is the units digit of z(1)?
7
Let n(k) = -91*k**3 + 4*k**2 + 7*k + 6. Let r(h) = 92*h**3 - 5*h**2 - 8*h - 7. Let o(m) = 5*n(m) + 4*r(m). What is the tens digit of o(-1)?
8
Suppose 7*k - 605 = 19674. What is the units digit of k?
7
Let m(y) = y**2 + 4. Let i be m(0). Suppose -9 = -i*z + 67. Suppose -z = -0*d - d. What is the units digit of d?
9
Let s = 141 - 137. Suppose -2*b = -s*v - 114, -4*b = -v + 19 - 247. What is the units digit of b?
7
Let k be ((-3)/(-5))/((-1)/(-10)). Let a(s) = -s + 9 + k*s**2 + s - 2*s - 5*s**2. What is the tens digit of a(6)?
3
Suppose -5*u + 8 = -2. Suppose 4*y - 20 = -2*l - 8, -2*y - u = -3*l. Suppose 4*z = 3*o - 96, 5*o + 5*z = y*z + 131. What is the tens digit of o?
2
Suppose -283*j + 284*j = 1401. What is the hundreds digit of j?
4
Let f be (-294)/4*12/18. Let u = f + 113. What is the tens digit of u?
6
Let u = -478 + 1983. What is the thousands digit of u?
1
Suppose -15*r + 13865 - 1685 = 0. What is the tens digit of r?
1
Let x = 375 - -416. What is the hundreds digit of x?
7
Let w = -1 - -2. Let n = w + -4. What is the units digit of (-92 - 10)*1/n?
4
Suppose -4*q + 52 = -56. Let v be (-50)/(-18) - (-6)/q. Suppose 23 = v*b - 28. What is the tens digit of b?
1
Let v = -1686 + 2569. What is the units digit of v?
3
What is the thousands digit of (-14)/91 + (-3 - 58040/(-52))?
1
Let i(z) = 50*z - 149. What is the units digit of i(16)?
1
Let q = 18 - 18. Suppose 2*a + 3*b - 31 = q, 2*a + 2*b = 50 - 18. Suppose 4*u - 173 + a = 0. What is the tens digit of u?
3
Let b(h) = h**2 - 12*h + 65. What is the tens digit of b(49)?
7
Let p(r) = -2*r**3 + 3*r**3 - 3*r**2 - 4 + 6*r - 3*r. Let t be (6/4)/((99/(-24))/(-11)). What is the tens digit of p(t)?
2
Suppose -q = -5*x + 14, -5*x + 0*x + 3*q + 22 = 0. Let w be (-36)/(-27)*75/x. Suppose -47*z - 162 = -w*z. What is the tens digit of z?
5
Suppose -4*n = -4*a + 1530 + 2966, -a = n - 1122. What is the hundreds digit of a?
1
Suppose 0 = x - 2, -3*k + 32*x + 1253 = 30*x. What is the units digit of k?
9
Let x be (5/(-15) - (-12)/9) + -1068. What is the units digit of (0 - (-1 - 0))/((-11)/x)?
7
Suppose z = -4*z + 5, 2*z - 122 = 4*b. Let f be (-1660)/b + (-2)/(-3). Suppose -4*x - f = -6*x. What is the tens digit of x?
2
Let k be (1 - 0)/((-3)/(-22704)*8). Suppose -2*g - 4*q = -612, -2*q + 3*q + k = 3*g. What is the tens digit of g?
1
What is the hundreds digit of ((-23)/(-2))/(2/248*2)?
7
Let s(u) be the first derivative of -u**2/2 + 13*u + 1. Let o be s(-10). Suppose -5*k + 27 = -o. What is the tens digit of k?
1
Let x(n) = -n**3 + 9*n**2 + 12*n. Let j be x(10). What is the tens digit of 14 + (j/(-25))/((-2)/5)?
1
Let n = 1000 - 623. What is the units digit of n?
7
Let u(w) = 2*w**2 + 7*w - 1. Let b be 3/2 + (-91)/(-26). Let v be u(b). Suppose -9*t + 3*t = -v. What is the tens digit of t?
1
Suppose -2*i - 2 = -0*i, -2*q - 4*i = 0. Suppose q + 4 = 2*w. Suppose 38 = -2*l + w*l. What is the units digit of l?
8
Let p = 320 + 387. What is the hundreds digit of p?
7
Let i = -4 + -6. Let h be 5/(-3)*(-8 - -11). Let l = h - i. What is the units digit of l?
5
Suppose 0*i - 5 = -i. Suppose -18*z = -21*z + 69. Let t = z - i. What is the units digit of t?
8
Let x(c) = 11*c + 15. Let b be x(11). Suppose -3*w - 49 = -p, 4*p + w - b = -2*w. What is the units digit of p?
7
Let q be (-245)/28 - 2/8. What is the tens digit of 3*12/q - -19?
1
What is the units digit of 4387 - (-132)/(-84)*7?
6
Let i be (12/14)/((-28)/(-98)). Let p(l) = 8*l**3 + 2*l**2 - 6*l + 1. What is the tens digit of p(i)?
1
Suppose -10 = 5*y + 15. Let a be (-2)/(-10) + (-69)/y. Suppose 0 = -5*z - 4*r + a, 2*z - 8 = -0*z - 4*r. What is the units digit of z?
2
Let f(v) = 74*v + 38. What is the units digit of f(3)?
0
What is the thousands digit of 4/18 + 1428697/279?
5
Let y = -22 - -25. Suppose n + 78 = y*n. What is the units digit of n?
9
Let i(v) = -3*v + 18. Suppose -4*h + 2*u - 76 = 0, 3*u = 3*h - 8*h - 73. What is the tens digit of i(h)?
6
Let v(p) = -p + 17. Let z be v(11). Suppose -18 = -z*h + 54. Let s = 18 + h. What is the units digit of s?
0
Suppose 4*j + 10 = 2*j. Let p be (2/(-3))/(j/15). Suppose 32 = n - p. What is the units digit of n?
4
Let k(c) = -8 + 2*c**2 + 2*c**3 + 11*c**3 - 2*c - 14*c**3. What is the tens digit of k(-3)?
4
Let s = 115 + 51. Suppose 122 = 4*r - s. Suppose r = 3*p - 0*p. What is the tens digit of p?
2
Suppose 2*c = -3*t + 17509, 8*t - 28764 = -5*c + 17928. What is the tens digit of t?
3
What is the tens digit of (-10)/25 + (-26544)/(-35)?
5
Let o = 6824 + -2714. What is the thousands digit of o?
4
Let w(o) = -o**2 + 13*o + 175. What is the tens digit of w(12)?
8
Let q(x) = x**3 + 4*x**2 + 6*x + 8. Let g be q(-3). Let k(u) = -290*u**3 + 2*u + 2. What is the tens digit of k(g)?
9
Suppose 391*d = 394*d - 51. What is the units digit of d?
7
Let r = -3 + 16. Suppose -6*h = -5*h - r. What is the tens digit of h?
1
Suppose -2*c - 2*o = 3*o - 7, 4*c - 2 = 2*o. Let w(u) = -64*u + 1. Let z be w(c). What is the units digit of (z/36)/((-2)/8)?
7
Let m(q) be the third derivative of -q**6/120 + q**5/60 + q**4/24 + 11*q**3/6 - q**2. Suppose -5*h + 9*h = 0. What is the tens digit of